 of (-4)/(-10) - c/(-20)?
7
What is the units digit of (7 + (-34)/(-4))/(2/36)?
9
Let p be 8 + -4 - (-1 - 0). Suppose h - 4*c = 49, 0*c = -2*h + p*c + 110. What is the tens digit of h?
6
Let s = 97 + -74. What is the units digit of s?
3
Let r = -90 - -316. Let x = r - 72. What is the hundreds digit of x?
1
Let f = -10 + 4. Let d(u) = 3 - 13 + 0 - 2*u + 0. What is the units digit of d(f)?
2
What is the units digit of (34136/(-20))/((-6)/15)?
7
Let m(p) = 4*p + 3. Let n be m(3). Suppose 19*s = n*s + 8. Suppose -s*g - 4 = 0, 0 = -4*f + 3*g + 2*g + 142. What is the tens digit of f?
3
Suppose 36 = 19*g - 23*g. Let v(q) = q**2 + 9*q + 30. What is the units digit of v(g)?
0
What is the hundreds digit of (-25932)/(-20) + (-4)/(-10)?
2
Suppose 0*b + 3*b - 1149 = 0. What is the hundreds digit of b?
3
Let a be (-4 - -2) + 194 + -1. Let m = a + -9. What is the hundreds digit of m?
1
Let f(o) = -96*o - 17. Let n be f(-7). Suppose 505 + n = 5*t. What is the units digit of t?
2
Suppose 0 = 42*r - 46*r + 8. Suppose -3*s + 289 = 5*q, 6*q - 20 = r*q. What is the units digit of s?
8
Suppose 4*j + 4*b - 16 = 0, 3*j - 3*b = j + 18. Suppose 18 = 3*u - j. What is the units digit of u?
8
Let a(m) = m**3 + 6*m**2 - 3*m - 5. Suppose 2*t + 5*n - 10 + 37 = 0, n = 5*t + 27. Let r be a(t). Suppose s - r = -3. What is the units digit of s?
0
Let y(o) = -23*o - 60. What is the tens digit of y(-14)?
6
Let q be ((-2)/9)/((-2)/18). Let w = q - -56. What is the units digit of w?
8
Suppose 2*s - 777 = -4*j + 9*j, -4*s = -j - 1563. What is the hundreds digit of s?
3
Let r(p) = 4*p**2 + 13*p + 3. Let i(c) = -c**2. Let h(a) = 5*i(a) + r(a). What is the units digit of h(13)?
3
Let p(x) = -25*x - 248. What is the tens digit of p(-14)?
0
Let s = -218 + 379. What is the hundreds digit of s?
1
Let x be (12/14)/((-7)/(-98)*3). Suppose -72 = -x*f - y, -54 = -7*f + 4*f - 5*y. What is the units digit of f?
8
Let z(j) = -2*j + 7. Let t be z(-6). Let k = t + -9. Suppose 0 = 3*f - 0*f + q - 18, -5*q - k = -5*f. What is the units digit of f?
5
Let v(f) = 37*f**2 - 37*f + 162. What is the thousands digit of v(12)?
5
Suppose 2*y - 828 = -4*l - 0*y, -5*l = 2*y - 1035. What is the hundreds digit of l?
2
Suppose 2*q - 16 = 4. Let s(f) = 40 - 30*f + 19*f + q*f. What is the units digit of s(0)?
0
Let z(d) = -3*d - 10. Let i be z(-4). Suppose 160 = 4*x - i*f, -5*x + 3*f + 114 + 85 = 0. What is the tens digit of x?
4
Let n = 303 + -91. Suppose 17 - n = 5*l. What is the tens digit of -1*(l + 12/4)?
3
Let b(r) be the first derivative of -2*r**2 - 16*r - 84. Suppose 3*c = -3*m + 7*m + 38, 2*m = -4*c - 30. What is the units digit of b(m)?
8
Let m = 8 + -6. Suppose -m*d = -80 - 20. Suppose -7*g = -2*g - 10, 2*g = 2*l - d. What is the tens digit of l?
2
Let i = 5333 - 1975. What is the units digit of i?
8
Let n(d) = 3*d - 12. Let z be n(-8). What is the units digit of 1/(6/1) + (-246)/z?
7
Let s = 119 + -192. Let p = 37 - s. What is the units digit of p?
0
Let h(j) = -116*j + 10. Let a be h(-3). Let c = a - 219. What is the tens digit of c?
3
Suppose 161*z = 171*z - 9330. What is the hundreds digit of z?
9
Suppose -142 = 5*x - 2*x - 4*n, 3*n = -4*x - 156. Let r = 60 + x. Let j = 4 + r. What is the units digit of j?
2
Let k(u) be the second derivative of -37*u**4/12 + 2*u**3/3 - 3*u**2 + 2*u. Let c be k(-5). What is the tens digit of c/(-27) + 2/(-9)?
3
Suppose -29*v + 32*v - 1134 = 0. Suppose -7*h + v = -4*h. What is the tens digit of h?
2
Let p = -6 - -15. Let y = 37 - p. What is the units digit of y?
8
Suppose -v + 16 = 5*g, -2*g - 20 = -3*v - v. Suppose -v*t - 80 = -4*i - 2*t, -3*i - 5*t = -60. What is the tens digit of i?
2
Let n(k) = 1 + 28*k**2 - 2*k + 29*k**2 - 15*k**2. What is the hundreds digit of n(-2)?
1
Suppose 0 = 7*j - 126 + 7. What is the tens digit of (-10 - -4) + 2 + j?
1
Let b = 0 - -28. Let u = b + 11. What is the units digit of u?
9
Suppose 0 = b - 2*j - 593, 0 = -b - 4*b + 2*j + 2981. What is the hundreds digit of b?
5
Let a(f) = 2*f**3 + 3*f**2 - 3*f - 4. Let h be (-1 + -5)*1/(-2). What is the tens digit of a(h)?
6
Let i be 4/(-6) + 8/3. Let m(o) = 38*o**2 + o - 1. Let r be m(i). Suppose 12*a = 9*a + r. What is the units digit of a?
1
Suppose -5*o - 5*w + 2205 = 0, -o + 1291 = 2*o - 5*w. Let z = o - 232. Suppose 9*r + z = 14*r. What is the units digit of r?
1
Let n = 1092 + -621. What is the units digit of n?
1
Suppose 4*w - 2 = -3*i + 7, -5*w = 4*i - 13. Suppose 0 = -0*h + i*h. What is the units digit of 12/(-4 - h)*-4?
2
Let p(m) = 65*m**2 - 18*m - 23. What is the thousands digit of p(-4)?
1
Suppose -7*v - 462 = -14*v. Suppose 9*h = 7*h + v. What is the tens digit of h?
3
Suppose 71*u - 2*b + 892 = 74*u, u = -5*b + 306. What is the tens digit of u?
9
What is the hundreds digit of ((-69)/(-4))/((-39)/(-7852))?
4
What is the tens digit of (-52604)/(-28) + (-8)/(-28)?
7
Suppose -10*d + 39 = -5*d + 4*y, 4 = 4*y. Suppose -4*m - 10 = o, 5*o - 36 = m + 19. Suppose d*j - o - 39 = 0. What is the units digit of j?
7
What is the thousands digit of -1655*(2 + -4) + -6?
3
Suppose 3*b + 133 = 4*z, -z = b + 3*z + 23. What is the tens digit of (-23)/(3 - b/(-12)*1)?
9
Let s(d) = -d + 2*d + 6 + 2. Let h be s(-10). What is the units digit of (-1 - 1)*7/h?
7
Let g = 130 - 2. What is the hundreds digit of g?
1
Let b(k) = k**3 - 40*k**2 - 82*k + 110. What is the units digit of b(42)?
4
Let x be (28/12 + -3)*-3. Let t be x - 2*(-1)/(-2). Suppose 2*n - 2*d = -0*d + 72, t = d. What is the tens digit of n?
3
Let v = 113 - 97. Suppose 0 = v*d - 2*d - 1330. What is the units digit of d?
5
Let q = -495 - -1128. What is the tens digit of q?
3
Let b = 256 - -511. What is the tens digit of b?
6
Let u(h) = -8*h - 91. Let o(i) = -5*i - 61. Let j(w) = -7*o(w) + 5*u(w). What is the tens digit of j(-9)?
1
Let k be (0 + -1 + 1)/(-1). Let l(q) = 2 + k*q**3 - 2*q**2 - 4*q**3 + 4*q - 5*q + 5*q**3. What is the units digit of l(4)?
0
Suppose 4*h = -h + 20. Let g = h + -10. What is the units digit of 32 + 2/g*0?
2
Let t(u) = 3*u**2 - 4*u + 5. Let h(p) be the third derivative of -p**4/24 + 2*p**3/3 - 9*p**2. Let c be h(1). What is the tens digit of t(c)?
2
Let m = 333 + -161. Suppose -14*d + m = -10*d. What is the tens digit of d?
4
Let u = -1 + 2. Let z be (-3 + u)/2 - -3. Let s = z - -5. What is the units digit of s?
7
Let s(d) = -2*d - 4. Let k be s(2). Let g be 4*4/k - -167. Suppose 3*a - 5*l - 124 = -6, -5*a = -2*l - g. What is the tens digit of a?
3
Let b = 15 + 2. Suppose b*a = 12*a + 150. What is the tens digit of a?
3
Suppose 0 = 2*z + 10 - 618. Let m = z - 164. Suppose -3*r = 2*r - m. What is the units digit of r?
8
Let c(o) = -106*o + 371*o + 3 - 144*o - 11. What is the hundreds digit of c(1)?
1
Let h = 95 + -77. What is the units digit of h/(-81) + (-562)/(-18)?
1
Suppose -6*z - 6 = -8*z. Suppose -5*n + 320 = z*n. What is the units digit of n?
0
Let q(h) be the first derivative of -h**3/3 - 8*h**2 - 12*h - 8. Let i be q(-15). What is the tens digit of -8*((-5)/4 - i)?
3
Let j(s) = 9*s**2 + 13*s - 62. What is the hundreds digit of j(-10)?
7
Let i = 61 + -39. Let l(j) = 5*j**2 + 10*j - 1. Let q be l(-5). Suppose -q + i = -4*o. What is the units digit of o?
3
Suppose 2*r - b = 141, -3*r = -r - 3*b - 135. Let t = -3 - -6. Suppose -5*m + r = -2*m + t*w, 4*m = w + 96. What is the units digit of m?
4
Suppose 0 = 50*l - 48*l - 4. Let x(w) = -w**3 - 10*w**2 + 9*w + 14. Let i be x(-11). Suppose -l*y = y - i. What is the units digit of y?
2
Suppose -a - a = 5*b + 12, 2*b + 28 = 5*a. Let o = 125 + -89. Suppose -l = 4*j - 16, -o = -a*l + 2*l - 4*j. What is the units digit of l?
0
Let r(l) = 7*l**2 + 7*l - 50. What is the units digit of r(-12)?
4
What is the thousands digit of (-21891)/(-18) - ((-250)/60)/(-25)?
1
Suppose -2*o + 52 = -2*a, 5*o + 2*a = -44 + 167. Suppose 20*u - 15*u - o = 0. Suppose -24 = u*r - 8*r. What is the units digit of r?
8
What is the units digit of 2179*(-7)/(-14)*(-2)/(-1)?
9
Suppose -3*v + 2*v + 123 = 0. Let m be v/12 + (-1)/4. Suppose -4*d = -m + 2. What is the units digit of d?
2
Suppose -4 = -22*c + 18*c, -4*c + 1408 = 4*x. What is the tens digit of x?
5
Suppose -7*k + 5 = 166. Let s = k + 16. Let l = s + 15. What is the units digit of l?
8
Suppose -4*y - 20 = -4*a, a - 1 = 3. Let h be -3 - (y - (